 14?
-37bd5a
Convert 891ca (base 13) to base 12.
bba44
Convert -3783a5 (base 11) to base 8.
-2215436
53020 (base 11) to base 5
4432340
Convert -4445565 (base 9) to base 4.
-21020003321
Convert -112202233 (base 4) to base 14.
-25915
What is -131521 (base 7) in base 6?
-305541
Convert -4d14 (base 15) to base 2.
-100000000111100
Convert -355575 (base 11) to base 14.
-109604
What is 170404 (base 8) in base 5?
3433300
-2445170 (base 8) to base 2
-10100100101001111000
-39a3 (base 14) to base 16
-279b
What is 516963 (base 11) in base 2?
11001010011001110000
Convert 121210411 (base 5) to base 12.
235689
-332711 (base 9) to base 2
-110000100011010001
What is -91a96 (base 11) in base 16?
-20d0f
What is 41241444 (base 5) in base 16?
524e4
What is 1229917 (base 10) in base 13?
340a80
Convert 2223303000 (base 4) to base 9.
1282236
Convert 11057346 (base 8) to base 7.
26155146
What is -4420574 (base 8) in base 11?
-741800
1117788 (base 12) to base 15
4487c5
1c9b7 (base 14) to base 9
121450
Convert -141e1d (base 15) to base 8.
-3543354
211201202121 (base 3) to base 2
1101101001111001001
What is 223101203221 (base 4) in base 10?
11344105
What is 4425185 (base 9) in base 12?
968805
What is 2560355 (base 8) in base 10?
712941
What is 423166 (base 7) in base 4?
101313010
What is 145231524 (base 7) in base 15?
cb5a96
-83094 (base 10) to base 11
-57480
Convert -5771669 (base 11) to base 12.
-3466bb1
What is 2100545 (base 7) in base 4?
331213133
-9364ab (base 12) to base 11
-133a68a
273937 (base 13) to base 10
950671
What is 212211200202 (base 3) in base 9?
784622
49931 (base 10) to base 3
2112111022
What is 2652711 (base 9) in base 8?
5423760
550406 (base 10) to base 16
86606
What is -40035212 (base 6) in base 14?
-213ca4
8bddc (base 14) to base 8
1230436
What is 11441331 (base 5) in base 14?
2b9d4
Convert 142644 (base 7) to base 4.
12230133
Convert -77309 (base 11) to base 12.
-54b00
-3906736 (base 10) to base 8
-16716260
-830829 (base 10) to base 8
-3126555
What is 133242151 (base 6) in base 9?
5035114
4cc938 (base 14) to base 5
1134201110
30010111310 (base 4) to base 10
3163508
What is 70032 (base 9) in base 11?
31589
What is -26134 (base 14) in base 7?
-536464
-1024033414 (base 5) to base 16
-212d1a
Convert 285430 (base 10) to base 13.
9cbc2
-101000000100010111000 (base 2) to base 5
-314003302
-34415 (base 10) to base 13
-12884
What is -353a6 (base 13) in base 5?
-11103221
Convert -12433023 (base 5) to base 8.
-362352
-a1283 (base 16) to base 2
-10100001001010000011
What is -4026105 (base 9) in base 5?
-1022041341
-10221103112 (base 4) to base 7
-13231202
Convert 264cd (base 14) to base 6.
2004221
What is -15616325 (base 7) in base 13?
-4117ac
-23213003 (base 4) to base 3
-2102020022
What is 113223454 (base 6) in base 2?
1000000101001101011010
What is -133301301202 (base 4) in base 2?
-11111110001110001100010
What is -404533235 (base 6) in base 9?
-14060615
What is -1826448 (base 9) in base 5?
-230143242
45b16 (base 15) to base 13
79cb0
Convert -2d660 (base 15) to base 5.
-14142230
100000101110011111001 (base 2) to base 15
162b1c
-10101020 (base 4) to base 7
-101651
What is 223321230302 (base 4) in base 6?
1050400122
Convert 270443 (base 8) to base 3.
11210121222
What is -382712 (base 11) in base 3?
-1010200021002
Convert 1000011121 (base 4) to base 16.
40159
-83854 (base 12) to base 8
-520400
-60661 (base 15) to base 16
-4a827
-2203222 (base 5) to base 6
-451345
What is -376 (base 8) in base 7?
-512
Convert -201100101120 (base 3) to base 16.
-5cf97
-313212302301 (base 4) to base 10
-14576817
What is -7e23c (base 15) in base 12?
-174870
161a6a (base 13) to base 14
1032d4
What is -2220301223 (base 4) in base 7?
-5606321
Convert 2b29 (base 16) to base 13.
504c
-7797961 (base 10) to base 6
-435045401
Convert 1403404 (base 6) to base 2.
10011001011011100
-394bf8 (base 16) to base 9
-7052802
21000811 (base 9) to base 5
10041114122
11101101011010111 (base 2) to base 7
1014254
Convert -100111100110100010101 (base 2) to base 4.
-10330310111
Convert -20302132 (base 6) to base 10.
-583688
Convert 226807 (base 9) to base 2.
100001010000111001
-46d36 (base 14) to base 13
-60806
What is 40724 (base 13) in base 16?
1c301
What is 24142212 (base 7) in base 6?
113550010
-144843 (base 16) to base 6
-44253443
17703 (base 13) to base 4
23001012
Convert -1d897 (base 15) to base 14.
-2720a
-205284 (base 10) to base 7
-1513332
What is 101010111111001111 (base 2) in base 9?
287473
Convert -423331 (base 15) to base 16.
-300f1c
-40155100 (base 6) to base 13
-309888
-114121431 (base 5) to base 3
-1000020001220
What is -1110100000101001 (base 2) in base 10?
-59433
Convert -6429 (base 13) to base 12.
-8059
What is 10110101011111010100010 (base 2) in base 4?
112223322202
What is 22244 (base 14) in base 4?
110031110
Convert 425435 (base 8) to base 14.
39b09
32455042 (base 6) to base 4
3231100202
What is -224042413 (base 6) in base 5?
-2023031442
112300103 (base 4) to base 16
16c13
What is 43220252 (base 6) in base 13?
3598b8
-e9873 (base 16) to base 5
-221102111
Convert 2200200100112 (base 3) to base 5.
331234210
10010010011110001111 (base 2) to base 4
2102132033
742 (base 15) to base 3
2020122
What is 5c3c74 (base 13) in base 14?
4168bd
What is -1165134 (base 9) in base 16?
-9ab0d
-326c (base 14) to base 11
-6608
Convert 41860 (base 13) to base 6.
2305411
What is -200213033 (base 4) in base 16?
-209cf
Convert -1edef (base 16) to base 14.
-3411d
What is 399bf (base 16) in base 7?
2001644
30a19c (base 14) to base 3
10002101100220
What is 10000111011120 (base 3) in base 7?
16430106
What is -58773b (base 14) in base 9?
-5607582
What is -617381 (base 9) in base 10?
-366274
b6aa23 (base 14) to base 15
81edcb
What is -100cb (base 15) in base 12?
-254a8
4cb50 (base 15) to base 16
3bf2e
160946 (base 15) to base 5
233041331
Convert -372723 (base 8) to base 10.
-128467
What is -b83a30 (base 13) in base 2?
-10000011110111100000111
110200101 (base 3) to base 7
35644
-541023 (base 8) to base 7
-1351661
Convert cb97a (base 13) to base 12.
159321
What is 3a1d78 (base 14) in base 11?
11489a7
41424411 (base 6) to base 3
2021000121121
What is 325422 (base 9) in base 4?
233123102
What is 1006300 (base 7) in base 6?
2322514
What is -3405240 (base 6) in base 9?
-282246
Convert -27c33 (base 16) to base 14.
-434d5
18054 (base 10) to base 11
12623
-4910 (base 10) to base 7
-20213
30a509 (base 15) to base 14
442d0d
What is -1422111 (base 5) in base 12?
-151b4
What is 257703 (base 11) in base 7?
3306066
Convert 10121100001 (base 3) to base 5.
4232312
Convert -2300233212 (base 4) to base 5.
-141131232
What is 6899741 (base 10) in base 13?
15776b4
111c1 (base 15) to base 4
31102012
Convert -22011201112 (base 3) to base 14.
-428d5
-1345d (base 16) to base 11
-54345
What is 24d00 (base 16) in base 14?
3cd44
Convert -31332330033 (base 4) to base 7.
-43105053
Convert -56e00 (base 16) to base 14.
-93972
2a6144 (base 13) to base 7
11565513
What is 131394 (base 10) in base 6?
2452150
Convert -1021121221222220 (base 3) to base 12.
-61b5989
340215 (base 10) to base 3
122021200120
-4689a0 (base 15) to base 10
-3370425
Convert 10001001100100001010 (base 2) to base 14.
1094b8
-91249 (base 11) to base 8
-404423
What is 4360651 (base 8) in base 7?
12650364
-124132 (base 6) to base 8
-26030
Convert 196e5f (base 16) to base 6.
55415555
What is 219e8 (base 16) in base 7?
1112320
Convert 180ac (base 15) to base 16.
12fdb
1207052 (base 8) to base 10
331306
Convert 1100100000000000100101 (base 2) to base 9.
6143870
What is -2350401 (base 6) in base 15?
-267ca
14521cb (base 13) to base 4
120221001330
-414183 (base 9) to base 6
-5134033
Convert 1002212211210 (base 3) to base 5.
122310224
-27359 (base 15) to base 16
-1eac2
What is -400101312 (base 5) in base 10?
-1565832
What is 100110101110011110111 (base 2) in base 14?
250659
What is 9391c (base 15) in base 14?
c26a6
88865a (base 13) to base 5
1310424442
What is -15673 (base 16) in base 7?
-513406
Convert -31012300032 (base 4) to base 15.
-47ce09
What is -102100202020111 (base 3) in base 7?
-102214531
Convert 720b (base 14) to base 15.
5c26
Convert 2210013032 (base 4) to base 11.
41a047
Convert 15281082 (base 9) to base 4.
131002102223
What is 3114422 (base 5) in base 4?
30200211
Wha